{"id":2103,"date":"2026-04-20T05:36:02","date_gmt":"2026-04-20T05:36:02","guid":{"rendered":"https:\/\/kavli.fi\/?page_id=2103"},"modified":"2026-04-20T11:22:46","modified_gmt":"2026-04-20T11:22:46","slug":"eriks-majoneesi","status":"publish","type":"page","link":"https:\/\/kavli.fi\/index.php\/eriks-majoneesi\/","title":{"rendered":"Eriks Majoneesi"},"content":{"rendered":"\n<div class=\"wp-block-cover alignfull is-light\" style=\"min-height:589px;aspect-ratio:unset;\"><img loading=\"lazy\" decoding=\"async\" width=\"2085\" height=\"897\" class=\"wp-block-cover__image-background wp-image-2200 size-full\" alt=\"\" src=\"https:\/\/kavli.fi\/wp-content\/uploads\/2026\/04\/Eriks_Majo-Cover-1.jpg\" data-object-fit=\"cover\" srcset=\"https:\/\/kavli.fi\/wp-content\/uploads\/2026\/04\/Eriks_Majo-Cover-1.jpg 2085w, https:\/\/kavli.fi\/wp-content\/uploads\/2026\/04\/Eriks_Majo-Cover-1-300x129.jpg 300w, https:\/\/kavli.fi\/wp-content\/uploads\/2026\/04\/Eriks_Majo-Cover-1-1024x441.jpg 1024w, https:\/\/kavli.fi\/wp-content\/uploads\/2026\/04\/Eriks_Majo-Cover-1-768x330.jpg 768w, https:\/\/kavli.fi\/wp-content\/uploads\/2026\/04\/Eriks_Majo-Cover-1-1536x661.jpg 1536w, https:\/\/kavli.fi\/wp-content\/uploads\/2026\/04\/Eriks_Majo-Cover-1-2048x881.jpg 2048w\" sizes=\"auto, (max-width: 2085px) 100vw, 2085px\" \/><span aria-hidden=\"true\" class=\"wp-block-cover__background has-background-dim-0 has-background-dim\" style=\"background-color:#8f9290\"><\/span><div class=\"wp-block-cover__inner-container is-layout-flow wp-block-cover-is-layout-flow\">\n<h1 class=\"wp-block-heading has-text-align-center has-white-color has-text-color\"><\/h1>\n\n\n\n<p class=\"has-text-align-center has-white-color has-text-color\" style=\"font-size:23px\"><\/p>\n\n\n\n<div style=\"height:40px\" aria-hidden=\"true\" class=\"wp-block-spacer\"><\/div>\n\n\n\n<div class=\"wp-block-group\"><div class=\"wp-block-group__inner-container is-layout-flow wp-block-group-is-layout-flow\">\n<div class=\"wp-block-buttons is-content-justification-center is-layout-flex wp-container-core-buttons-is-layout-16018d1d wp-block-buttons-is-layout-flex\"><\/div>\n<\/div><\/div>\n<\/div><\/div>\n\n\n\n<div style=\"height:100px\" aria-hidden=\"true\" class=\"wp-block-spacer\"><\/div>\n\n\n\n<div class=\"wp-block-columns is-layout-flex wp-container-core-columns-is-layout-9d6595d7 wp-block-columns-is-layout-flex\">\n<div class=\"wp-block-column is-layout-flow wp-block-column-is-layout-flow\">\n<figure class=\"wp-block-image size-large is-resized\"><img loading=\"lazy\" decoding=\"async\" width=\"833\" height=\"1024\" src=\"https:\/\/kavli.fi\/wp-content\/uploads\/2026\/04\/Eiks-Majoneesi-Uutuus-kuva-833x1024.jpg\" alt=\"\" class=\"wp-image-2104\" style=\"aspect-ratio:0.8134809695352792;width:526px;height:auto\" srcset=\"https:\/\/kavli.fi\/wp-content\/uploads\/2026\/04\/Eiks-Majoneesi-Uutuus-kuva-833x1024.jpg 833w, https:\/\/kavli.fi\/wp-content\/uploads\/2026\/04\/Eiks-Majoneesi-Uutuus-kuva-244x300.jpg 244w, https:\/\/kavli.fi\/wp-content\/uploads\/2026\/04\/Eiks-Majoneesi-Uutuus-kuva-768x944.jpg 768w, https:\/\/kavli.fi\/wp-content\/uploads\/2026\/04\/Eiks-Majoneesi-Uutuus-kuva.jpg 1006w\" sizes=\"auto, (max-width: 833px) 100vw, 833px\" \/><\/figure>\n<\/div>\n\n\n\n<div class=\"wp-block-column is-vertically-aligned-center is-layout-flow wp-block-column-is-layout-flow\">\n<h2 class=\"wp-block-heading\">T\u00e4ytel\u00e4ist\u00e4 makua, joka tekee arjesta herkullisempaa!<\/h2>\n\n\n\n<p>Ruotsissa valmistettu Eriks Majoneesi on ammattikokin kehitt\u00e4m\u00e4, huolella tasapainotettu, pehme\u00e4n t\u00e4ytel\u00e4inen ja monipuolinen valinta keitti\u00f6\u00f6si. Se viimeistelee voileiv\u00e4t, kruunaa salaatit ja tuo ruokaan juuri oikeanlaista syvyytt\u00e4.<\/p>\n\n\n\n<p>Kun haluat enemm\u00e4n kuin tavallista majoneesia, valitse Eriks. Laatu maistuu jokaisessa lusikallisessa.<\/p>\n\n\n\n<div class=\"wp-block-buttons is-layout-flex wp-block-buttons-is-layout-flex\">\n<div class=\"wp-block-button is-style-primary\"><a class=\"wp-block-button__link wp-element-button\" href=\"http:\/\/www.eriks.fi\">Lue lis\u00e4\u00e4<\/a><\/div>\n<\/div>\n<\/div>\n<\/div>\n\n\n\n<div style=\"height:63px\" aria-hidden=\"true\" class=\"wp-block-spacer\"><\/div>\n\n\n\n<h2 class=\"wp-block-heading\"><strong>Vastustamattoman pehme\u00e4 ja herkullinen<\/strong><\/h2>\n\n\n\n<p>Samettisen pehme\u00e4 ja t\u00e4ytel\u00e4isen herkullinen Eriks-majoneesi tekee jokaisesta annoksesta astetta paremman. Ruotsissa valmistettu, ammattikokin kehitt\u00e4m\u00e4 majoneesi hurmaa tasapainoisella maullaan ja silkkisell\u00e4 koostumuksellaan, joka levittyy ja sekoittuu t\u00e4ydellisesti. Kokeile majoneesihyllyn herkullinen uutuus!<\/p>\n\n\n\n<div style=\"height:50px\" aria-hidden=\"true\" class=\"wp-block-spacer\"><\/div>\n\n\n\n<figure class=\"wp-block-gallery has-nested-images columns-default is-cropped wp-block-gallery-1 is-layout-flex wp-block-gallery-is-layout-flex\">\n<figure class=\"wp-block-image size-full\"><a href=\"https:\/\/eriks.fi\/index.php\/eriks-majoneesi-hummerihodarit\/\"><img loading=\"lazy\" decoding=\"async\" width=\"654\" height=\"610\" data-id=\"2105\" src=\"https:\/\/kavli.fi\/wp-content\/uploads\/2026\/04\/Himmerihodarit.jpg\" alt=\"\" class=\"wp-image-2105\" srcset=\"https:\/\/kavli.fi\/wp-content\/uploads\/2026\/04\/Himmerihodarit.jpg 654w, https:\/\/kavli.fi\/wp-content\/uploads\/2026\/04\/Himmerihodarit-300x280.jpg 300w\" sizes=\"auto, (max-width: 654px) 100vw, 654px\" \/><\/a><\/figure>\n\n\n\n<figure class=\"wp-block-image size-full\"><a href=\"https:\/\/eriks.fi\/index.php\/eriks-majoneesi-waldorfin-salatti\/\"><img loading=\"lazy\" decoding=\"async\" width=\"654\" height=\"610\" data-id=\"2106\" src=\"https:\/\/kavli.fi\/wp-content\/uploads\/2026\/04\/Waldorfin-salaatti.jpg\" alt=\"\" class=\"wp-image-2106\" srcset=\"https:\/\/kavli.fi\/wp-content\/uploads\/2026\/04\/Waldorfin-salaatti.jpg 654w, https:\/\/kavli.fi\/wp-content\/uploads\/2026\/04\/Waldorfin-salaatti-300x280.jpg 300w\" sizes=\"auto, (max-width: 654px) 100vw, 654px\" \/><\/a><\/figure>\n<\/figure>\n\n\n\n<div style=\"height:53px\" aria-hidden=\"true\" class=\"wp-block-spacer\"><\/div>\n\n\n\n<h3 class=\"wp-block-heading\">T\u00e4ytel\u00e4inen ja pehme\u00e4 Eriks-majoneesi sopii niin arkeen kuin juhlaan. Kokeile rohkeasti ja ihastu!<\/h3>\n\n\n\n<ul class=\"wp-block-list\">\n<li><strong>Hummerihodarit:<\/strong> viimeistele ylellinen hot dog runsaalla majoneesilla, t\u00e4ydellinen yhdistelm\u00e4 meren herkuille.<\/li>\n\n\n\n<li><strong>Waldorfin salaatti:<\/strong> tuo klassikkoon lis\u00e4\u00e4 pehmeytt\u00e4 ja t\u00e4ytel\u00e4isyytt\u00e4.<\/li>\n\n\n\n<li><strong>Voileiv\u00e4t ja burgerit: <\/strong>levit\u00e4 reilusti ja nauti samettisesta suutuntumasta.<\/li>\n\n\n\n<li><strong>Dipiksi ja kastikkeisiin:<\/strong> toimii sellaisenaan tai pohjana omille makuyhdistelmille.<\/li>\n\n\n\n<li><strong>Uuniruoat ja lisukkeet:<\/strong> lis\u00e4\u00e4 pehmeytt\u00e4 esimerkiksi paahdettujen kasvisten tai perunoiden kaveriksi.<\/li>\n<\/ul>\n\n\n\n<p>Kun kaipaat ruokaan pehmeytt\u00e4, t\u00e4ytel\u00e4isyytt\u00e4 ja ennen kaikkea herkullisuutta, valitse Eriks-majoneesi. T\u00e4m\u00e4 on makuel\u00e4mys, joka kannattaa testata!<\/p>\n\n\n\n<div style=\"height:57px\" aria-hidden=\"true\" class=\"wp-block-spacer\"><\/div>\n\n\n\n<div class=\"wp-block-cover alignfull is-light\" style=\"min-height:756px;aspect-ratio:unset;\"><img loading=\"lazy\" decoding=\"async\" width=\"960\" height=\"498\" class=\"wp-block-cover__image-background wp-image-2107 size-full\" alt=\"\" src=\"https:\/\/kavli.fi\/wp-content\/uploads\/2026\/04\/Hummerihodari.jpg\" style=\"object-position:46% 100%\" data-object-fit=\"cover\" data-object-position=\"46% 100%\" srcset=\"https:\/\/kavli.fi\/wp-content\/uploads\/2026\/04\/Hummerihodari.jpg 960w, https:\/\/kavli.fi\/wp-content\/uploads\/2026\/04\/Hummerihodari-300x156.jpg 300w, https:\/\/kavli.fi\/wp-content\/uploads\/2026\/04\/Hummerihodari-768x398.jpg 768w\" sizes=\"auto, (max-width: 960px) 100vw, 960px\" \/><span aria-hidden=\"true\" class=\"wp-block-cover__background has-background-dim-0 has-background-dim\" style=\"background-color:#b4b3a8\"><\/span><div class=\"wp-block-cover__inner-container is-layout-flow wp-block-cover-is-layout-flow\">\n<h1 class=\"wp-block-heading has-text-align-center has-white-color has-text-color\"><\/h1>\n\n\n\n<div style=\"height:40px\" aria-hidden=\"true\" class=\"wp-block-spacer\"><\/div>\n\n\n\n<div class=\"wp-block-group\"><div class=\"wp-block-group__inner-container is-layout-flow wp-block-group-is-layout-flow\">\n<div class=\"wp-block-buttons is-content-justification-center is-layout-flex wp-container-core-buttons-is-layout-16018d1d wp-block-buttons-is-layout-flex\"><\/div>\n<\/div><\/div>\n<\/div><\/div>\n\n\n\n<div style=\"height:157px\" aria-hidden=\"true\" class=\"wp-block-spacer\"><\/div>\n","protected":false},"excerpt":{"rendered":"<p>T\u00e4ytel\u00e4ist\u00e4 makua, joka tekee arjesta herkullisempaa! Ruotsissa valmistettu Eriks Majoneesi on ammattikokin kehitt\u00e4m\u00e4, huolella tasapainotettu, pehme\u00e4n t\u00e4ytel\u00e4inen ja monipuolinen valinta keitti\u00f6\u00f6si. Se viimeistelee voileiv\u00e4t, kruunaa salaatit ja tuo ruokaan juuri oikeanlaista syvyytt\u00e4. Kun haluat enemm\u00e4n kuin tavallista majoneesia, valitse Eriks. Laatu maistuu jokaisessa lusikallisessa. Vastustamattoman pehme\u00e4 ja herkullinen Samettisen pehme\u00e4 ja t\u00e4ytel\u00e4isen herkullinen Eriks-majoneesi tekee&hellip;&nbsp;<a href=\"https:\/\/kavli.fi\/index.php\/eriks-majoneesi\/\" rel=\"bookmark\">Lue lis\u00e4\u00e4 &raquo;<span class=\"screen-reader-text\">Eriks Majoneesi<\/span><\/a><\/p>\n","protected":false},"author":1,"featured_media":0,"parent":0,"menu_order":0,"comment_status":"closed","ping_status":"closed","template":"","meta":{"neve_meta_sidebar":"","neve_meta_container":"","neve_meta_enable_content_width":"","neve_meta_content_width":0,"neve_meta_title_alignment":"","neve_meta_author_avatar":"","neve_post_elements_order":"","neve_meta_disable_header":"","neve_meta_disable_footer":"","neve_meta_disable_title":"","iawp_total_views":25,"footnotes":""},"class_list":["post-2103","page","type-page","status-publish","hentry"],"yoast_head":"<!-- This site is optimized with the Yoast SEO plugin v27.4 - https:\/\/yoast.com\/product\/yoast-seo-wordpress\/ -->\n<title>Eriks Majoneesi - Kavli<\/title>\n<meta name=\"description\" content=\"Eriks Majoneesi on ammattikokin kehitt\u00e4m\u00e4, huolella tasapainotettu, pehme\u00e4n t\u00e4ytel\u00e4inen ja monipuolinen valinta keitti\u00f6\u00f6si.\" \/>\n<meta name=\"robots\" content=\"index, follow, max-snippet:-1, max-image-preview:large, max-video-preview:-1\" \/>\n<link rel=\"canonical\" href=\"https:\/\/kavli.fi\/index.php\/eriks-majoneesi\/\" \/>\n<meta property=\"og:locale\" content=\"fi_FI\" \/>\n<meta property=\"og:type\" content=\"article\" \/>\n<meta property=\"og:title\" content=\"Eriks Majoneesi - Kavli\" \/>\n<meta property=\"og:description\" content=\"Eriks Majoneesi on ammattikokin kehitt\u00e4m\u00e4, huolella tasapainotettu, pehme\u00e4n t\u00e4ytel\u00e4inen ja monipuolinen valinta keitti\u00f6\u00f6si.\" \/>\n<meta property=\"og:url\" content=\"https:\/\/kavli.fi\/index.php\/eriks-majoneesi\/\" \/>\n<meta property=\"og:site_name\" content=\"Kavli\" \/>\n<meta property=\"article:publisher\" content=\"https:\/\/www.facebook.com\/kavlisuomi\" \/>\n<meta property=\"article:modified_time\" content=\"2026-04-20T11:22:46+00:00\" \/>\n<meta property=\"og:image\" content=\"https:\/\/kavli.fi\/wp-content\/uploads\/2026\/04\/Eriks_Majo-Cover.jpg\" \/>\n\t<meta property=\"og:image:width\" content=\"2085\" \/>\n\t<meta property=\"og:image:height\" content=\"897\" \/>\n\t<meta property=\"og:image:type\" content=\"image\/jpeg\" \/>\n<meta name=\"twitter:card\" content=\"summary_large_image\" \/>\n<meta name=\"twitter:label1\" content=\"Arvioitu lukuaika\" \/>\n\t<meta name=\"twitter:data1\" content=\"3 minuuttia\" \/>\n<script type=\"application\/ld+json\" class=\"yoast-schema-graph\">{\"@context\":\"https:\\\/\\\/schema.org\",\"@graph\":[{\"@type\":\"WebPage\",\"@id\":\"https:\\\/\\\/kavli.fi\\\/index.php\\\/eriks-majoneesi\\\/\",\"url\":\"https:\\\/\\\/kavli.fi\\\/index.php\\\/eriks-majoneesi\\\/\",\"name\":\"Eriks Majoneesi - Kavli\",\"isPartOf\":{\"@id\":\"https:\\\/\\\/kavli.fi\\\/#website\"},\"primaryImageOfPage\":{\"@id\":\"https:\\\/\\\/kavli.fi\\\/index.php\\\/eriks-majoneesi\\\/#primaryimage\"},\"image\":{\"@id\":\"https:\\\/\\\/kavli.fi\\\/index.php\\\/eriks-majoneesi\\\/#primaryimage\"},\"thumbnailUrl\":\"https:\\\/\\\/kavli.fi\\\/wp-content\\\/uploads\\\/2026\\\/04\\\/Eriks_Majo-Cover-1.jpg\",\"datePublished\":\"2026-04-20T05:36:02+00:00\",\"dateModified\":\"2026-04-20T11:22:46+00:00\",\"description\":\"Eriks Majoneesi on ammattikokin kehitt\u00e4m\u00e4, huolella tasapainotettu, pehme\u00e4n t\u00e4ytel\u00e4inen ja monipuolinen valinta keitti\u00f6\u00f6si.\",\"breadcrumb\":{\"@id\":\"https:\\\/\\\/kavli.fi\\\/index.php\\\/eriks-majoneesi\\\/#breadcrumb\"},\"inLanguage\":\"fi\",\"potentialAction\":[{\"@type\":\"ReadAction\",\"target\":[\"https:\\\/\\\/kavli.fi\\\/index.php\\\/eriks-majoneesi\\\/\"]}]},{\"@type\":\"ImageObject\",\"inLanguage\":\"fi\",\"@id\":\"https:\\\/\\\/kavli.fi\\\/index.php\\\/eriks-majoneesi\\\/#primaryimage\",\"url\":\"https:\\\/\\\/kavli.fi\\\/wp-content\\\/uploads\\\/2026\\\/04\\\/Eriks_Majo-Cover-1.jpg\",\"contentUrl\":\"https:\\\/\\\/kavli.fi\\\/wp-content\\\/uploads\\\/2026\\\/04\\\/Eriks_Majo-Cover-1.jpg\",\"width\":2085,\"height\":897},{\"@type\":\"BreadcrumbList\",\"@id\":\"https:\\\/\\\/kavli.fi\\\/index.php\\\/eriks-majoneesi\\\/#breadcrumb\",\"itemListElement\":[{\"@type\":\"ListItem\",\"position\":1,\"name\":\"Etusivu\",\"item\":\"https:\\\/\\\/kavli.fi\\\/\"},{\"@type\":\"ListItem\",\"position\":2,\"name\":\"Eriks Majoneesi\"}]},{\"@type\":\"WebSite\",\"@id\":\"https:\\\/\\\/kavli.fi\\\/#website\",\"url\":\"https:\\\/\\\/kavli.fi\\\/\",\"name\":\"Kavli\",\"description\":\"Elintarvikebr&auml;ndi, joka tunnetaan erityisesti herkullisista sulatejuustoista, hampurilaiskastikkeesta ja levitteist&auml;.\",\"publisher\":{\"@id\":\"https:\\\/\\\/kavli.fi\\\/#organization\"},\"potentialAction\":[{\"@type\":\"SearchAction\",\"target\":{\"@type\":\"EntryPoint\",\"urlTemplate\":\"https:\\\/\\\/kavli.fi\\\/?s={search_term_string}\"},\"query-input\":{\"@type\":\"PropertyValueSpecification\",\"valueRequired\":true,\"valueName\":\"search_term_string\"}}],\"inLanguage\":\"fi\"},{\"@type\":\"Organization\",\"@id\":\"https:\\\/\\\/kavli.fi\\\/#organization\",\"name\":\"Kavli\",\"url\":\"https:\\\/\\\/kavli.fi\\\/\",\"logo\":{\"@type\":\"ImageObject\",\"inLanguage\":\"fi\",\"@id\":\"https:\\\/\\\/kavli.fi\\\/#\\\/schema\\\/logo\\\/image\\\/\",\"url\":\"https:\\\/\\\/kavli.fi\\\/wp-content\\\/uploads\\\/2025\\\/02\\\/4104641b-4c9c-4202-80ef-562cf595d251-wm.png\",\"contentUrl\":\"https:\\\/\\\/kavli.fi\\\/wp-content\\\/uploads\\\/2025\\\/02\\\/4104641b-4c9c-4202-80ef-562cf595d251-wm.png\",\"width\":380,\"height\":277,\"caption\":\"Kavli\"},\"image\":{\"@id\":\"https:\\\/\\\/kavli.fi\\\/#\\\/schema\\\/logo\\\/image\\\/\"},\"sameAs\":[\"https:\\\/\\\/www.facebook.com\\\/kavlisuomi\"]}]}<\/script>\n<!-- \/ Yoast SEO plugin. -->","yoast_head_json":{"title":"Eriks Majoneesi - Kavli","description":"Eriks Majoneesi on ammattikokin kehitt\u00e4m\u00e4, huolella tasapainotettu, pehme\u00e4n t\u00e4ytel\u00e4inen ja monipuolinen valinta keitti\u00f6\u00f6si.","robots":{"index":"index","follow":"follow","max-snippet":"max-snippet:-1","max-image-preview":"max-image-preview:large","max-video-preview":"max-video-preview:-1"},"canonical":"https:\/\/kavli.fi\/index.php\/eriks-majoneesi\/","og_locale":"fi_FI","og_type":"article","og_title":"Eriks Majoneesi - Kavli","og_description":"Eriks Majoneesi on ammattikokin kehitt\u00e4m\u00e4, huolella tasapainotettu, pehme\u00e4n t\u00e4ytel\u00e4inen ja monipuolinen valinta keitti\u00f6\u00f6si.","og_url":"https:\/\/kavli.fi\/index.php\/eriks-majoneesi\/","og_site_name":"Kavli","article_publisher":"https:\/\/www.facebook.com\/kavlisuomi","article_modified_time":"2026-04-20T11:22:46+00:00","og_image":[{"width":2085,"height":897,"url":"https:\/\/kavli.fi\/wp-content\/uploads\/2026\/04\/Eriks_Majo-Cover.jpg","type":"image\/jpeg"}],"twitter_card":"summary_large_image","twitter_misc":{"Arvioitu lukuaika":"3 minuuttia"},"schema":{"@context":"https:\/\/schema.org","@graph":[{"@type":"WebPage","@id":"https:\/\/kavli.fi\/index.php\/eriks-majoneesi\/","url":"https:\/\/kavli.fi\/index.php\/eriks-majoneesi\/","name":"Eriks Majoneesi - Kavli","isPartOf":{"@id":"https:\/\/kavli.fi\/#website"},"primaryImageOfPage":{"@id":"https:\/\/kavli.fi\/index.php\/eriks-majoneesi\/#primaryimage"},"image":{"@id":"https:\/\/kavli.fi\/index.php\/eriks-majoneesi\/#primaryimage"},"thumbnailUrl":"https:\/\/kavli.fi\/wp-content\/uploads\/2026\/04\/Eriks_Majo-Cover-1.jpg","datePublished":"2026-04-20T05:36:02+00:00","dateModified":"2026-04-20T11:22:46+00:00","description":"Eriks Majoneesi on ammattikokin kehitt\u00e4m\u00e4, huolella tasapainotettu, pehme\u00e4n t\u00e4ytel\u00e4inen ja monipuolinen valinta keitti\u00f6\u00f6si.","breadcrumb":{"@id":"https:\/\/kavli.fi\/index.php\/eriks-majoneesi\/#breadcrumb"},"inLanguage":"fi","potentialAction":[{"@type":"ReadAction","target":["https:\/\/kavli.fi\/index.php\/eriks-majoneesi\/"]}]},{"@type":"ImageObject","inLanguage":"fi","@id":"https:\/\/kavli.fi\/index.php\/eriks-majoneesi\/#primaryimage","url":"https:\/\/kavli.fi\/wp-content\/uploads\/2026\/04\/Eriks_Majo-Cover-1.jpg","contentUrl":"https:\/\/kavli.fi\/wp-content\/uploads\/2026\/04\/Eriks_Majo-Cover-1.jpg","width":2085,"height":897},{"@type":"BreadcrumbList","@id":"https:\/\/kavli.fi\/index.php\/eriks-majoneesi\/#breadcrumb","itemListElement":[{"@type":"ListItem","position":1,"name":"Etusivu","item":"https:\/\/kavli.fi\/"},{"@type":"ListItem","position":2,"name":"Eriks Majoneesi"}]},{"@type":"WebSite","@id":"https:\/\/kavli.fi\/#website","url":"https:\/\/kavli.fi\/","name":"Kavli","description":"Elintarvikebr&auml;ndi, joka tunnetaan erityisesti herkullisista sulatejuustoista, hampurilaiskastikkeesta ja levitteist&auml;.","publisher":{"@id":"https:\/\/kavli.fi\/#organization"},"potentialAction":[{"@type":"SearchAction","target":{"@type":"EntryPoint","urlTemplate":"https:\/\/kavli.fi\/?s={search_term_string}"},"query-input":{"@type":"PropertyValueSpecification","valueRequired":true,"valueName":"search_term_string"}}],"inLanguage":"fi"},{"@type":"Organization","@id":"https:\/\/kavli.fi\/#organization","name":"Kavli","url":"https:\/\/kavli.fi\/","logo":{"@type":"ImageObject","inLanguage":"fi","@id":"https:\/\/kavli.fi\/#\/schema\/logo\/image\/","url":"https:\/\/kavli.fi\/wp-content\/uploads\/2025\/02\/4104641b-4c9c-4202-80ef-562cf595d251-wm.png","contentUrl":"https:\/\/kavli.fi\/wp-content\/uploads\/2025\/02\/4104641b-4c9c-4202-80ef-562cf595d251-wm.png","width":380,"height":277,"caption":"Kavli"},"image":{"@id":"https:\/\/kavli.fi\/#\/schema\/logo\/image\/"},"sameAs":["https:\/\/www.facebook.com\/kavlisuomi"]}]}},"_links":{"self":[{"href":"https:\/\/kavli.fi\/index.php\/wp-json\/wp\/v2\/pages\/2103","targetHints":{"allow":["GET"]}}],"collection":[{"href":"https:\/\/kavli.fi\/index.php\/wp-json\/wp\/v2\/pages"}],"about":[{"href":"https:\/\/kavli.fi\/index.php\/wp-json\/wp\/v2\/types\/page"}],"author":[{"embeddable":true,"href":"https:\/\/kavli.fi\/index.php\/wp-json\/wp\/v2\/users\/1"}],"replies":[{"embeddable":true,"href":"https:\/\/kavli.fi\/index.php\/wp-json\/wp\/v2\/comments?post=2103"}],"version-history":[{"count":16,"href":"https:\/\/kavli.fi\/index.php\/wp-json\/wp\/v2\/pages\/2103\/revisions"}],"predecessor-version":[{"id":2204,"href":"https:\/\/kavli.fi\/index.php\/wp-json\/wp\/v2\/pages\/2103\/revisions\/2204"}],"wp:attachment":[{"href":"https:\/\/kavli.fi\/index.php\/wp-json\/wp\/v2\/media?parent=2103"}],"curies":[{"name":"wp","href":"https:\/\/api.w.org\/{rel}","templated":true}]}}